What is 1 - 7 - -1 - -9?
4
What is -1 - (-4 - -3 - (1 + 1))?
2
Calculate (-1 - (3 + -13)) + (7 - 9).
7
What is the value of 11 + -2 + -11 + 7?
5
What is the value of -1 + 1 + 8 + -8?
0
Calculate 15 + -10 - (1 + 10) - -5.
-1
Evaluate -6 - (2 + (1 - 7) + -2).
0
5 - (-2 - -4) - 3
0
What is (-2 - -1) + 1 - (0 + 3)?
-3
-1 - 2 - (12 + -16 + -2)
3
Calculate 0 + 1 + (-1 - -4) + -2.
2
What is 1 + (-1 + 5 - 2)?
3
Evaluate -1 - ((-4 - -7) + 1).
-5
2 + (-15 - -8) + 10
5
Calculate 1 + -4 + 0 + 5 + 3.
5
-6 + 6 + 8 + -12
-4
Calculate (1 - 1) + (-28 - -20).
-8
Calculate (-5 - -1) + 5 + -5.
-4
(-1 - (-3 - -2)) + -4
-4
What is the value of -2 + (2 - 5) - (8 + -17)?
4
6 + -13 + (5 - (5 + 0))
-7
Evaluate (1 - (2 - (-1 + 2))) + 1.
1
Evaluate (3 - -2) + -37 + 31.
-1
Calculate -12 - ((7 - 13) + 0).
-6
Evaluate -3 - -14 - (-16 - -35).
-8
What is the value of -2 + (-5 - 2) + 14?
5
Evaluate (-7 + 4 - 4 - -4) + 6.
3
5 - 2 - (-1 + -11 - -5)
10
Evaluate 1 - (2 + 1 + 3 + -9).
4
What is 3 + -2 - (5 - (1 - 0))?
-3
What is the value of -1 - 0 - -14 - 7?
6
What is the value of (13 - 2) + -3 - -1?
9
Evaluate 0 - (3 + -4 - -1).
0
Evaluate 36 + -35 - (9 - 0).
-8
Evaluate 8 - 14 - ((1 - 2) + 1).
-6
What is 5 + -7 + (4 + -2 - 1)?
-1
Evaluate 2 + -1 - (0 - -4).
-3
Evaluate 0 + (-7 - -4) - (11 + -7).
-7
What is the value of (1 + -8 - -3) + -2?
-6
What is the value of -35 + 38 - (5 - 1)?
-1
What is the value of -2 + 1 + -5 + 5?
-1
What is 4 + (-2 + 7 - 9)?
0
Evaluate 4 - (3 - (6 - 7)) - -1.
1
Evaluate -4 + (-3 - -17) + -6.
4
Calculate 3 - (5 + (3 - 15) + 5).
5
What is 3 - (2 + 9 + 0)?
-8
What is the value of 2 - 0 - 3 - (-4 - 2)?
5
Calculate (6 - 0) + 15 + -19 + 0.
2
Calculate (9 + -8 + 5 - -1) + -8.
-1
What is the value of -7 + (1 - 0) - (-126 - -123)?
-3
What is 6 + (4 - 1) + -5?
4
What is 1 - (5 + 5 + -6) - -1?
-2
What is (-2 - -2) + 9 + (2 - 7)?
4
Calculate 1 - (1 - 1 - -1).
0
Evaluate 12 - (-2 + 8 + 3 + -6).
9
What is -1 - ((4 - (-5 - -10)) + 6)?
-6
-1 + 0 - (2 + 0 + -4)
1
5 + -7 - (-2 + (3 - 0))
-3
What is -4 + 0 + 3 - -2?
1
What is the value of -7 - (-5 - -1 - 0)?
-3
-7 + (-5 - (1 - 1) - -10)
-2
Calculate 0 + 4 - 6 - -1 - -4.
3
Calculate (-3 - (3 + -2)) + -68 + 69.
-3
Evaluate -2 - (-4 - (-1 - 5)).
-4
Calculate 3 + (-1 + -3 - 3).
-4
6 - (-4 + 1 + 1)
8
What is the value of -4 + (-8 - (-6 - 2))?
-4
What is the value of -5 + (5 - -7 - 4)?
3
Calculate (-1 - -11 - (1 - -2)) + -14.
-7
What is the value of -2 - ((5 - 9) + 7)?
-5
What is the value of 6 - (-1 - (-4 - (0 + 1)))?
2
What is the value of (4 - 5) + 1 - -5?
5
0 + 0 - (14 - 12)
-2
Calculate 45 + -46 + 1 + -3.
-3
Calculate (-1 - 0 - (6 + -5)) + 5.
3
What is (-9 - (-22 + 9)) + -9?
-5
What is the value of 2 + -2 - (42 - 51)?
9
Calculate -1 + (-9 - (2 - 8)).
-4
3 - (3 - (-3 + 4 + -1))
0
Evaluate (-7 + 6 - (1 + -1)) + 1.
0
What is the value of -1 + -1 + -5 + 2 + 3?
-2
What is 2 + (-5 - -6) + 0?
3
What is -2 + 4 + -63 + 58?
-3
10 + -3 - (-5 + 9)
3
Evaluate -3 + -3 + (6 - 1 - -3).
2
What is the value of 5 - (-1 - (-1 + -2))?
3
What is 47 - 47 - (-5 - (-1 - -2))?
6
What is 4 - (2 + (-2 - -1))?
3
6 + 11 + -14 + 8 - 3
8
4 + 1 + 7 + 2 + -13
1
What is 4 + -8 + -1 + 3?
-2
(-7 - -5 - 0) + 7
5
Evaluate -3 - (32 + -28 + (1 - 6)).
-2
What is the value of 2 + -5 + 4 + -2 + -2?
-3
Evaluate 6 - (-11 - -10) - 9.
-2
Evaluate -1 - (6 + -6 + -3).
2
What is the value of -1 - (-3 - ((6 - 5) + -5))?
-2
What is (3 - -2 - 1) + -2 + 7?
9
What is 2 + -1 + (2 - 7)?
-4
Evaluate -4 - (-2 - 3 - -4).
-3
Calculate -12 - (1 + -3 + -1 - 3).
-6
Calculate (0 - -4) + (-7 - (11 + -13)).
-1
What is 0 - (-2 - (-6 - 4))?
-8
1 + -2 - (16 + -17)
0
What is (3 + -6 - 1) + 1 + 2?
-1
What is -4 - (-15 + 6) - 4?
1
What is -14 + 8 + (1 - 5) + 0?
-10
Calculate (-3 - (-8 + 0)) + -16 + 9.
-2
What is the value of -11 - -19 - (-2 + 2) - 4?
4
Calculate -6 - (6 + -10 - 3).
1
What is the value of 1 + -2 + 1 + 9 + -7?
2
17 + -17 - (1 - -5)
-6
What is 2 + (-2 - -3 - -2)?
5
-5 - (3 + -5 - (4 - 0))
1
0 + -4 + 9 + 1 - 1
5
Calculate 6 + (-22 - -9 - -7).
0
Calculate -3 + (4 - 2) + (6 - 5).
0
(26 - 25) + (-9 - -1)
-7
2 - (2 + -8) - 3
5
Evaluate 1 + (-8 - -2) + 0.
-5
What is -3 - -2 - -2 - -1?
2
What is the value of 4 + -1 + (0 + 1 - -1)?
5
Calculate -2 - (-9 + 2 - -4).
1
What is 5 - (6 + (1 - 12 - -1))?
9
0 + (-2 - ((5 - 1) + -7))
1
What is (-1 - 6) + -3 - (8 + -11)?
-7
2 + (1 - 8 - (-1 + 1))
-5
Evaluate -5 + -1 + (6 - 0) + 5.
5
Evaluate 10 + 2 + (-10 - -2).
4
What is -2 - -4 - (-1 + 0) - 10?
-7
Evaluate (1 - (1 - -8)) + 6.
-2
0 + -1 + 2 - 4
-3
What is the value of 2 + -6 + 17 + -4?
9
Evaluate (1 - -1 - -1) + (22 - 26).
-1
Evaluate 2 - (-6 + 6) - 1.
1
What is the value of 7 - 0 - (-4 + 7)?
4
What is the value of (-7 - 0) + 4 + -4 + 3?
-4
Evaluate -8 + (29 + -13 - 3).
5
What is the value of -3 + (-3 - 1 - (-5 + 3))?
-5
What is 6 - (-2 + 3 - -5)?
0
What is -74 + 77 + (-5 - -1) + 1?
0
Calculate (0 - 2) + 5 + -8 - -1.
-4
-3 - (2 + (-13 - -3))
5
Calculate (20 - 20) + 7 + 0.
7
Calculate (-3 - -4 - -4) + -1.
4
-3 + 0 + (10 - 1 - 1)
5
What is -2 + (3 - 0 - (-20 - -23))?
-2
Calculate -6 + (-5 - (0 + -10 - -3)).
-4
What is ((-1 - -4) + -1 - 1) + 1?
2
Evaluate (4 - (3 + -1)) + -4.
-2
Calculate 2 + 4 + 1 + -3 - 9.
-5
(-6 + 3 - 3) + (-27 - -36)
3
What is 5 - (5 + -14 - -15)?
-1
-10 + (-2 - (6 + -13))
-5
What is 4 + (14 - 3 - 24)?
-9
1 - (3 + -4 + 3)
-1
What is the value of -6 - (13 + (-18 - -5))?
-6
Evaluate (-2 - (7 - 0) - 5) + 8.
-6
Calculate (4 - -2) + (6 - (23 - 13)).
2
Calculate 1 - -5 - (-2 - -3).
5
(1 - 3) + 0 + 4 + -2
0
6 - (-13 - -12 - (-1 - -2))
8
What is 2 + 0 + 1 - 1?
2
What is the value of 2 + 4 + -4 + 1?
3
-7 + 1 - (-8 - -8)
-6
What is the value of (-3 - 0) + -1 + 2 + -3?
-5
What is 12 + -8 + 13 + -8?
9
Evaluate 5 - (2 + -3) - 4.
2
Evaluate 1 - (-3 + 3) - 0.
1
What is 4 - (4 + (6 - 7))?
1
What is the value of (-8 - (-6 + 4)) + 6?
0
Calculate -5 - (-1 + 7 - 2 - 6).
-3
What is -6 - (2 - (15 + -5))?
2
What is -3 + 6 - (-1 + 3 + 0)?
1
What is 1 + (9 + -4 - 2)?
4
-4 + (4 + -7 - -5)
-2
Evaluate -11 + -1 + 4 - -19.
11
What is the value of 7 + (-19 - (-16 + 5))?
-1
Calculate (5 - (-6 + 3)) + -3.
5
Calculate 2 - (-5 + (8 - (6 + -1))).
4
1 + 14 - (117 - 108)
6
What is the value of 0 + 1 - 0 - 5?
-4
What is 9 - (11 - (3 - -1))?
2
What is the value of -2 + (-7 - -1) + 9?
1
Evaluate (4 - 6) + (3 - 1).
0
What is 17 + (8 - 19) - (1 + 0)?
5
What is the value of -8 - -7 - (-7 + 1)?
5
Calculate -2 - 3 - ((-3 - 0) + 4).
-6
What is the value of -10 - (-2 + -2 - -4) - -5?
-5
-7 + 0 - (-38 - -33)
-2
What is (7 - 10) + 0 + 6 - -2?
5
What is the value of 7 - (3 - (-24 - -12))?
-8
(-1 - 4) + 5 + (-11 - -6)
-5
What is -6 - (3 + (0 - 5) + -2)?
-2
-4 + (-6 - -5) - (-5 + 1)
-1
Calculate 1 + -2 - (-42 + 46).
-5
Evaluate 4 + 2 + 31 + -34.
3
Calculate 0 + 1 - (-7 + 3).
5
What is the value of (3 - (3 + 2) - -5) + 0?
3
What is the value of 0 + -3 + 8 - 4?
1
What is -1 + (1 - -3 - (6 - -3))?
-6
Calculate 1 - -2 - (-12 - (-17 - -5)).
3
Calculate -3 - -2 - -5 - (-3 + 6).
1
What is the value of 3 + (-4 - -3) + -3?
-1
Evaluate -3 + -1 - (-13 + 2 + -1).
8
(-3 - -6) + -2 - (0 + -2)
3
Calculate 3 + 0 + (4 - 3).
4
(2 + -5 - 1) + (9 - 5)
0
Evaluate (5 - (-3 + 8 - 12)) + -4.
8
What is 3 + (2 + -3 - 0) + -4?
-2
Evaluate -4 + (-1 - (4 + -16)).
7
What is -6 - (-4 - 9) - (0 - -7)?
0
11 + (-16 - -10) - 6
-1
What is the value of 1 - 2 - -9 - (2 + 3)?
3
Evaluate 2 + -2 + (2 - 6).
-4
Calculate -2 + 6 - 0 - (7 + -1).
-2
What is the value of 4 + 4 + (0 - 11)?
-3
Calculate 0 + 4 + -2 - (-21 - -18).
5
What is -7 + (1 - (3 - 6))?
-3
What is the value of (4 + -8 - 1) + 7 + -4?
-2
7 - (-1 + 1 - -2) - 6
-1
Calculate 15 - (-6 + 12 + 3).
6
What is the value of 3 + -6 + -1 - -8 - 0?
4
Evaluate 3 + (3 - 1 - (0 - 0)).
5
Evaluate 5 - (2 + -8) - 6.
5
77 + -80 - (-10 - (-1 + 2))
8
Evaluate 0 + 0 + -21 + 24 + -1.
2
What is the value of -3 + -2 + (1 - (-1 + -1))?
-2
What is 3 + 1 + -1 + -3 + 4?
4
21 + -23 + 6 + 0
4
(3 - (-5 + 3 + 5)) + 5
5
What is -1 - (5 + (1 - 12) + 4)?
1
What is 0 - ((3 - -1) + -8)?
4
Calculate 6 + (-9 - -10) - 3.
4
Calculate -9 - (-7 - 0 - -4).
-6
What is -5 + (2 - -5) - 6?
-4
What is the value of 2 + 2 + 0 - (0 - 4)?
8
16 - 16 - (-2 + 1)
1
Evaluate 3 + 5 + -4 + (-2 - -1).
3
Calculate 3 + (0 - -3) + -8.
-2
14 - -2 - (15 - 10) - 8
3
What i